(3)?
-2
Let t(g) = -g**3 - 6*g**2 - 5*g + 6. Let i = 9 - 6. Suppose -2*n + 5*a - 19 = 0, -3*a = n - i*n - 25. Let m = n - -12. Calculate t(m).
6
Let z be 6/4 - ((-21)/(-6) - 5). Let l(r) = 2*r**2 - 2*r + 3. Determine l(z).
15
Let g(y) = -y - 4. Let j(p) = 5*p**3 + 2*p - 1. Let i be j(1). Let q = -2 + i. Suppose -q*u + 12 + 3 = -5*n, 0 = -3*u + 4*n + 12. What is g(u)?
-4
Let z be (-9)/(3 - 6) + 3. Suppose z*g = 3*g - 9. Let a(m) = -m + 2. Let p(u) = -1. Let j(q) = a(q) + 4*p(q). What is j(g)?
1
Let p(j) = 0 + j**2 - 753*j - 8 + 759*j. What is p(-7)?
-1
Let o(z) = z**3 - 3*z**2 - 2*z - 3. Let u be 12/66 - (-251)/11. Suppose 8 - u = -5*r. Calculate o(r).
-9
Let k be (3/(-21))/((-6)/21). Let o(j) be the first derivative of 2/3*j**3 + k*j**4 + j + j**2 - 3. Determine o(-1).
-1
Suppose -p + 2*p - 4*l = 21, 0 = 4*p - 4*l - 36. Let g(h) = h**3 - 5*h**2 - 3*h + 4. Determine g(p).
-11
Suppose 2*z - 5*r + 21 = 0, -z + 2*z + 3*r - 17 = 0. Suppose -z*d - 2*d + 4 = 0. Let t(s) = d + 2*s - 3 + 3*s. Determine t(2).
8
Let x(t) be the second derivative of -t**3/2 + 2*t**2 + 10*t. Give x(5).
-11
Let q(t) = 5*t**3 + t - 1. Let x(s) = -4*s + 3*s - 4*s - s - 1. Let w be x(-1). Suppose -3*o + w + 3 = k, k = o + 4. Give q(o).
5
Let l(s) = -s**3 - 6*s**2 + 6*s - 2. Let c be l(-7). Suppose -k + 0 = c. Let a(j) = j**2 + 4*j. Calculate a(k).
5
Let c = -68 + 71. Let o(t) = 2*t - 1. What is o(c)?
5
Let t(g) = -2*g + 3. Let c(u) = 4*u - 6. Let x be 26/(-4) + 12/(-24). Let l(p) = x*t(p) - 3*c(p). What is l(-3)?
-9
Let d(b) = -b**3 + 1. Let s be ((-1)/1)/(-7 + 8). Let v be d(s). Let p(w) = w**3 - 2*w**2 - w - 1. What is p(v)?
-3
Suppose -2*w = -a - 6, 4*w - 4 = -2*a - 0*a. Let v(t) be the first derivative of -5*t**2/2 - 2. What is v(w)?
-10
Suppose 7*w + 4*t + 46 = 2*w, -5*t = 4*w + 44. Let u(i) = -i**3 - 5*i**2 + 6*i. Determine u(w).
0
Let j(k) = -3*k + 33. Let q be j(10). Let o(h) = -h**2 + 5*h - 4. Calculate o(q).
2
Let y(p) be the first derivative of p**3/3 + 9*p**2/2 + 10*p - 5. Let v be y(-7). Let j(r) = r**2 + 7*r + 4. Give j(v).
-8
Suppose 4*q + 3 = x + q, -2*x - 5*q - 16 = 0. Let i be ((-4)/(-6))/(1/x). Let a(p) = 96*p + 89*p - 2 - 186*p. What is a(i)?
0
Let u(o) = 5*o**3 + 3*o**2 + 4*o + 1. Let g(r) = 11*r**3 + 7*r**2 + 8*r + 3. Let w(d) = 6*g(d) - 13*u(d). Give w(-4).
5
Let g(h) = 3*h + 38. Let c(w) = -w - 13. Let b(f) = 17*c(f) + 6*g(f). Determine b(6).
13
Let w(n) be the first derivative of -n**2/2 - 6*n + 2. What is w(0)?
-6
Let y(h) be the third derivative of -h**5/30 - h**4/4 - 6*h**2. Determine y(-4).
-8
Let l(r) be the third derivative of 1/15*r**5 + 0 - 1/8*r**4 + 2*r**2 + 1/2*r**3 - 1/120*r**6 + 0*r. Suppose -3*y + 12 = 2*u - y, -6 = -3*y. What is l(u)?
-9
Let a(j) = j**2 + j + 10. Let c = -3 - -6. Let s = 3 - c. Let i be -2 - (s + 2)/(-1). Determine a(i).
10
Let a(l) = l**3 + 5*l**2 - 7*l - 3. Let h be a(-6). Let s(i) = -5*i - 4. Let q(d) = -4*d - 3. Let o(z) = h*s(z) - 4*q(z). What is o(0)?
0
Let q(k) be the first derivative of -3/4*k**4 + 0*k**3 - k**2 + 5 - k. What is q(-1)?
4
Let u(w) be the first derivative of -w**4/4 - 7*w**3/3 - 5*w**2/2 + 2*w + 21. Give u(-6).
-4
Let f(x) = x**2 + 0*x**2 - 3 + 4. Suppose 4*z + 12 = 20. Calculate f(z).
5
Suppose -3*h + 6 = -3. Let k(y) be the third derivative of 1/6*y**h + 0*y + 0 - y**2 + 1/12*y**4. Calculate k(-3).
-5
Let f(x) = x**2 - 3*x - 1. Suppose -2*i + 0*i = 5*z + 15, 3*i = -5*z - 20. Let c be (-6 + 7 + -5)*(-10)/(-8). Let w = z - c. Determine f(w).
3
Let v(d) = -2 - d**3 + 3 + 2*d - 2*d**3 - 2. Let y be v(1). Let x(w) = w**2 + 3 - 3. Determine x(y).
4
Suppose -4*a - 7 = -h, -1 - 7 = -4*a - 4*h. Let v(o) be the third derivative of o**4/8 + o**3/6 - 4*o**2. What is v(a)?
-2
Suppose -4*u = -2*u + 2. Let g(t) = 14*t. What is g(u)?
-14
Suppose 0 = -2*a - 2*a. Let p(r) = 2 + a*r + 0*r + r + r**2. Determine p(0).
2
Let d = -2 + -5. Let j(v) = -7 + 2 + 3*v - 4*v. Give j(d).
2
Let u(l) = -l**3 + 2*l**2 + 3*l. Let y be u(3). Let w(p) = -13*p**2 + 5*p + 28. Let b(d) = -3*d**2 + d + 7. Let o(k) = -9*b(k) + 2*w(k). Give o(y).
-7
Let c(f) = f + 7. Let g be c(-6). Let d(j) = -g + 5 + j**2 - 5 - 2 - j. Let p = 5 - 2. What is d(p)?
3
Let g(m) = 7 - 11 - 7*m - m**2 + 5. What is g(-7)?
1
Let r be 0 + 0*(-5)/(-10). Let g(t) = -t**2 - t - 16. What is g(r)?
-16
Suppose 3*u + 17 = -5*d, 5*u = -2*d - 0*d - 3. Let j(n) = -n**2 + 2*n + 2. Let c be j(2). Let a(k) = 0*k + 3*k**c + 3 - 2*k**2 + 4*k. Determine a(d).
3
Let l(u) = 3*u + 7. Let k(t) = -8*t - 20. Let m(h) = -4*k(h) - 11*l(h). Let v(p) = -p**3 + 4*p**2 + 6*p - 2. Suppose 1 = z - 4. Let i be v(z). What is m(i)?
0
Let z be 270/63 - (-2)/(-7). Let g(q) be the second derivative of 0 + z*q - 1/6*q**3 + 0*q**2. Calculate g(-5).
5
Let a(p) = 2 - p**3 - 7*p - 15 + 9 + 7*p**2 + p. Determine a(6).
-4
Let h(q) = -q + 5. Suppose 2*i + 3*i = 25. Calculate h(i).
0
Let a be 84/3 - 6/(-2). Let j(f) = 2*f**2 - 3*f**2 + 28*f - a*f. Determine j(-3).
0
Let x(g) be the second derivative of -g - 1/60*g**5 + 1/6*g**4 - 5/6*g**3 + 3/2*g**2 + 0. Let q(k) be the first derivative of x(k). Give q(5).
-10
Let j(p) = 9*p - 9. Let t(x) = -x**3 - 7*x**2 + 8*x + 6. Let l be t(-8). Let b(z) = z - 1. Let o(u) = l*b(u) - j(u). Let k be ((-4)/8)/((-2)/8). Give o(k).
-3
Suppose 4*j = -5*d - 5, 2*d - 6 = 5*j + 25. Let y(i) be the second derivative of -4*i**3 + d*i**3 - i + 0*i. Calculate y(-1).
6
Let g(b) = b**3 - 6*b**2 + 6*b + 1. Let z be g(5). Suppose 0 = -5*p - 6 + 1, x = -p + 2. Suppose m = x*m - z. Let y(k) = 2*k**2 - 3*k - 3. Calculate y(m).
6
Let c = -96 - -98. Let b(s) be the first derivative of 2*s - c - 1/2*s**2. What is b(0)?
2
Let y(v) = -v**2 - 6*v - 7. Suppose 5 = 4*l + 1. Let b be 6*(-4 + l + 2). Determine y(b).
-7
Let k be (9/3 - 2)/(-1). Let w(f) = -f. Let i(r) = 7*r - 5. Let j(p) = k*i(p) - 6*w(p). What is j(0)?
5
Let t(q) be the third derivative of -q**6/60 - q**5/60 + q**4/8 + q**3/2 - 7*q**2. Determine t(-2).
9
Let l(k) = 7*k**2 + k. Suppose 0 = 5*p - 73 + 23. Suppose -5*w - p = -5. Give l(w).
6
Let d(u) = -7*u - 6. Let v(s) = -6*s - 5. Let j(t) = -4*d(t) + 5*v(t). Calculate j(-4).
7
Let h be (-18)/(-63) + 66/14. Let j(g) = -1 - g**2 + 2*g**2 + 3*g + g - h*g. What is j(2)?
1
Let w(s) be the second derivative of -s**4/12 + s**3/6 - s**2/2 + s. Let a(t) = t**3 + 3*t**2 - 4*t. Let j be a(-4). Give w(j).
-1
Let l be ((-2)/(-4))/(3/(-60)). Let v(j) = j + 6. Calculate v(l).
-4
Let m(l) = l**2 - 6*l. Let h(o) = -o**2 - 7*o + 6. Let t = -15 - -8. Let y be h(t). Calculate m(y).
0
Let b = -3 + 6. Let x be (-2)/b + 26/3. Let h(y) = -y**2 + 9*y - 4. Let v be h(x). Let w(i) = i**3 - 5*i**2 + 4*i + 2. Determine w(v).
2
Let b(o) = o + 1 - o - o**2 + 2*o - o. Let n be b(-1). Let s(u) = -u - 1 + 3*u**2 + u**2 + u**2. Determine s(n).
5
Suppose 4*g + 3*x = -g + 21, 0 = 2*g + 5*x - 16. Let d(n) = 8*n - 3. Give d(g).
21
Let j(n) = -7*n - 13. Let q(l) = 15*l + 27. Let i(b) = 13*j(b) + 6*q(b). Give i(-5).
-2
Let z be (0 - 1) + (2 - -5). Suppose 4*d - z = -18. Let j(k) = -2*k**2 - 4*k - 3. What is j(d)?
-9
Let u(d) be the second derivative of -8*d + 3*d**2 - 1/12*d**4 + 0 - 7/6*d**3. Give u(-6).
12
Let c(k) = -k**3 - 3*k**2 - 2. Let j be c(-4). Suppose 4*g - j = -2*r, -4*r + 7*r = g - 7. Let s(b) = -g + 3*b + 5 + 2*b. What is s(-1)?
-4
Suppose -12 = 3*b, 2*g = b + 3*b + 20. Let r(w) = 2*w**3 - 3*w**2 + w - 1. Let i be r(2). Let v(h) = 2 - h - i - g. What is v(-4)?
-1
Let g(x) be the second derivative of -x**4/4 + x**2/2 + 2*x. Let f(v) = -v**3 + 10*v**2 + 11*v + 3. Let w be f(11). Let z = -4 + w. Calculate g(z).
-2
Let y(x) = 2*x + 2*x + 5*x - 7*x - x**2 + 2. Determine y(4).
-6
Let r be 22/3 + 2/(-6). Suppose 2*t = 6, 26 = 6*u - u + 2*t. Let w = u - r. Let i(o) = 3*o + 1. Determine i(w).
-8
Let b be ((-3)/(-6))/(6/12). Suppose p = -b - 1. Let s(x) = -x + 1. Give s(p).
3
Let i(k) be the third derivative of -3*k**2 + 1/6*k**3 + 0 + 1/60*k**5 + 0*k + 1/6*k**4. Calculate i(-3).
-2
Let r = 2 + -2. Let v(k) = -1. Let d(s) = -s + 7. Let l(o) = d(o) + 4*v(o). Let t(m) = 1. Let w(j) = l(j) + 3*t(j). Calculate w(r).
6
Let x(g) = -2*g. Let d be 2/(-2) - 1 - -5. Suppose -b = 5*r - 2, d*b + 0*b = 4*r + 6. Determine x(b).
-4
Let b(u) = 4*u**3 - u**2 + u - 1. Suppose 0*c + 4 = c. Suppose -3*j + c = j. Determine b(j).
3
Let